{"id":470,"date":"2024-08-13T09:55:31","date_gmt":"2024-08-13T09:55:31","guid":{"rendered":"https:\/\/norajunepeebles.com\/?page_id=470"},"modified":"2024-08-14T09:40:55","modified_gmt":"2024-08-14T09:40:55","slug":"medical-romance","status":"publish","type":"page","link":"https:\/\/norajunepeebles.com\/?page_id=470","title":{"rendered":"SOLO QUATTRO MESI"},"content":{"rendered":"\n<figure class=\"wp-block-image size-large is-resized\"><img loading=\"lazy\" decoding=\"async\" width=\"1024\" height=\"307\" src=\"https:\/\/norajunepeebles.com\/wp-content\/uploads\/2024\/08\/Blush-Wave-LinkedIn-Banner-13-1024x307.png\" alt=\"\" class=\"wp-image-471\" style=\"width:1450px;height:auto\" srcset=\"https:\/\/norajunepeebles.com\/wp-content\/uploads\/2024\/08\/Blush-Wave-LinkedIn-Banner-13-1024x307.png 1024w, https:\/\/norajunepeebles.com\/wp-content\/uploads\/2024\/08\/Blush-Wave-LinkedIn-Banner-13-300x90.png 300w, https:\/\/norajunepeebles.com\/wp-content\/uploads\/2024\/08\/Blush-Wave-LinkedIn-Banner-13-768x230.png 768w, https:\/\/norajunepeebles.com\/wp-content\/uploads\/2024\/08\/Blush-Wave-LinkedIn-Banner-13-1536x461.png 1536w, https:\/\/norajunepeebles.com\/wp-content\/uploads\/2024\/08\/Blush-Wave-LinkedIn-Banner-13-18x5.png 18w, https:\/\/norajunepeebles.com\/wp-content\/uploads\/2024\/08\/Blush-Wave-LinkedIn-Banner-13-600x180.png 600w, https:\/\/norajunepeebles.com\/wp-content\/uploads\/2024\/08\/Blush-Wave-LinkedIn-Banner-13.png 2000w\" sizes=\"auto, (max-width: 1024px) 100vw, 1024px\" \/><\/figure>\n\n\n\n<div class=\"wp-block-group is-nowrap is-layout-flex wp-container-core-group-is-layout-ad2f72ca wp-block-group-is-layout-flex\">\n<div class=\"wp-block-group is-nowrap is-layout-flex wp-container-core-group-is-layout-ad2f72ca wp-block-group-is-layout-flex\">\n<div id=\"wp-block-themeisle-blocks-advanced-columns-f4f5d0c0\" class=\"wp-block-themeisle-blocks-advanced-columns has-2-columns has-desktop-equal-layout has-tablet-equal-layout has-mobile-collapsedRows-layout has-vertical-unset\"><div class=\"wp-block-themeisle-blocks-advanced-columns-overlay\"><\/div><div class=\"innerblocks-wrap\">\n<div id=\"wp-block-themeisle-blocks-advanced-column-29827b4b\" class=\"wp-block-themeisle-blocks-advanced-column\">\n<h3 class=\"wp-block-heading\" id=\"wp-block-themeisle-blocks-advanced-heading-af4a6933\">SOLO QUATTRO MESI &#8211; NOVELLA<\/h3>\n\n\n\n<h3 class=\"wp-block-heading\">STEM &amp; MEDICAL ROMANCE<\/h3>\n\n\n\n<p><strong>SOLO QUATTRO MESI \u00e8 una romantica novella autoconclusiva ambientata in Scozia, in cui STEM e medical romance si intrecciano in una storia d&#8217;amore dirompente. <\/strong><\/p>\n\n\n\n<p><strong>Tra un\u2019auto che decide di esalare l\u2019ultimo respiro a poche miglia dalla meta, una collezione a dir poco insolita e i colori della Scozia, un ruvido medico che si nasconde dal passato e un\u2019archeologa che non sogna pi\u00f9 l\u2019amore riusciranno a rimettersi in gioco e a conquistare il loro lieto fine?<\/strong><\/p>\n\n\n\n<div class=\"wp-block-buttons is-layout-flex wp-block-buttons-is-layout-flex\">\n<div class=\"wp-block-button\"><a class=\"wp-block-button__link wp-element-button\" href=\"https:\/\/www.amazon.it\/dp\/B09964CLTW\">Leggi <em>Solo quattro mesi<\/em><\/a><\/div>\n<\/div>\n<\/div>\n\n\n\n<div id=\"wp-block-themeisle-blocks-advanced-column-74ded094\" class=\"wp-block-themeisle-blocks-advanced-column\">\n<figure class=\"wp-block-image size-large\"><img loading=\"lazy\" decoding=\"async\" width=\"1024\" height=\"944\" src=\"https:\/\/norajunepeebles.com\/wp-content\/uploads\/2024\/08\/1723543352-1-1024x944.png\" alt=\"\" class=\"wp-image-487\" srcset=\"https:\/\/norajunepeebles.com\/wp-content\/uploads\/2024\/08\/1723543352-1-1024x944.png 1024w, https:\/\/norajunepeebles.com\/wp-content\/uploads\/2024\/08\/1723543352-1-300x277.png 300w, https:\/\/norajunepeebles.com\/wp-content\/uploads\/2024\/08\/1723543352-1-768x708.png 768w, https:\/\/norajunepeebles.com\/wp-content\/uploads\/2024\/08\/1723543352-1-13x12.png 13w, https:\/\/norajunepeebles.com\/wp-content\/uploads\/2024\/08\/1723543352-1-600x553.png 600w, https:\/\/norajunepeebles.com\/wp-content\/uploads\/2024\/08\/1723543352-1.png 1500w\" sizes=\"auto, (max-width: 1024px) 100vw, 1024px\" \/><\/figure>\n<\/div>\n<\/div><\/div>\n<\/div>\n<\/div>\n\n\n\n<h2 class=\"wp-block-heading\">PROTAGONISTI E TROPE PRINCIPALI<\/h2>\n\n\n\n<p>Archeologa \/ Medico di pronto soccorso<br>TROPES: Small town, sworn off relationships, chosen family, <br>emotional scars, insta-attraction, Scozia <br>DOPPIO POV<\/p>\n\n\n\n<h2 class=\"wp-block-heading\">DESCRIZIONE<\/h2>\n\n\n\n<p><strong>L\u2019amore non fa per lui.&nbsp;<\/strong>Quello in cui Graham riesce bene sono i rapporti fisici. Consenzienti. Maturi. Della durata di una notte. Almeno fino all\u2019incontro con Margherita Ricci, l\u2019archeologa arrivata a dirigere il museo locale. Rester\u00e0 in Scozia&nbsp;solo&nbsp;quattro&nbsp;mesi. Non ha senso rischiare di perdere l\u2018equilibrio che si \u00e8 costruito per lei.<\/p>\n\n\n\n<p><em>Sapr\u00e0 resisterle. Oppure no?<\/em><\/p>\n\n\n\n<p><strong>L\u2019amore non fa per lei.&nbsp;<\/strong>Dopo l\u2019ultima delusione, Margherita vuole concentrarsi sulla propria carriera. Sostituir\u00e0 il direttore di un museo in un paesino scozzese per l\u2019estate. Un sogno che si avvera! Certo, non \u00e8 partito sotto i migliori auspici: l\u2019auto che ha noleggiato ha preso fuoco e il tizio che l\u2019ha soccorsa \u00e8 il burbero medico del paese, uno snob insopportabile. \u00c8 anche l\u2019uomo pi\u00f9 affascinante che lei abbia mai incontrato. E ha delle mani\u2026 L\u2019ha gi\u00e0 detto che \u00e8 insopportabile? Rester\u00e0 ad Abermouth&nbsp;solo&nbsp;quattro&nbsp;mesi, non ha tempo per cotte senza speranza.&nbsp;<\/p>\n\n\n\n<p><em>Sapr\u00e0 resistergli. Oppure no?&nbsp;<\/em><\/p>\n\n\n\n<p><strong>Tra un\u2019auto che decide di esalare l\u2019ultimo respiro a poche miglia dalla meta, una collezione a dir poco insolita e i colori della Scozia, un ruvido medico che si nasconde dal passato e un\u2019archeologa che non sogna pi\u00f9 l\u2019amore riusciranno a rimettersi in gioco e a conquistare il loro lieto fine?<\/strong><\/p>\n\n\n\n<h2 class=\"wp-block-heading\">I PROTAGONISTI DI SOLO QUATTRO MESI<\/h2>\n\n\n\n<div id=\"wp-block-themeisle-blocks-advanced-columns-2fa8ec76\" class=\"wp-block-themeisle-blocks-advanced-columns has-2-columns has-desktop-equal-layout has-tablet-equal-layout has-mobile-collapsedRows-layout has-vertical-unset\"><div class=\"wp-block-themeisle-blocks-advanced-columns-overlay\"><\/div><div class=\"innerblocks-wrap\">\n<div id=\"wp-block-themeisle-blocks-advanced-column-ccb4d1f3\" class=\"wp-block-themeisle-blocks-advanced-column\">\n<figure class=\"wp-block-image size-full\"><img loading=\"lazy\" decoding=\"async\" width=\"940\" height=\"788\" src=\"https:\/\/norajunepeebles.com\/wp-content\/uploads\/2024\/08\/19.png\" alt=\"\" class=\"wp-image-477\" srcset=\"https:\/\/norajunepeebles.com\/wp-content\/uploads\/2024\/08\/19.png 940w, https:\/\/norajunepeebles.com\/wp-content\/uploads\/2024\/08\/19-300x251.png 300w, https:\/\/norajunepeebles.com\/wp-content\/uploads\/2024\/08\/19-768x644.png 768w, https:\/\/norajunepeebles.com\/wp-content\/uploads\/2024\/08\/19-14x12.png 14w, https:\/\/norajunepeebles.com\/wp-content\/uploads\/2024\/08\/19-600x503.png 600w\" sizes=\"auto, (max-width: 940px) 100vw, 940px\" \/><\/figure>\n<\/div>\n\n\n\n<div id=\"wp-block-themeisle-blocks-advanced-column-4f83bbd7\" class=\"wp-block-themeisle-blocks-advanced-column\">\n<figure class=\"wp-block-image size-full\"><img loading=\"lazy\" decoding=\"async\" width=\"940\" height=\"788\" src=\"https:\/\/norajunepeebles.com\/wp-content\/uploads\/2024\/08\/20.png\" alt=\"\" class=\"wp-image-476\" srcset=\"https:\/\/norajunepeebles.com\/wp-content\/uploads\/2024\/08\/20.png 940w, https:\/\/norajunepeebles.com\/wp-content\/uploads\/2024\/08\/20-300x251.png 300w, https:\/\/norajunepeebles.com\/wp-content\/uploads\/2024\/08\/20-768x644.png 768w, https:\/\/norajunepeebles.com\/wp-content\/uploads\/2024\/08\/20-14x12.png 14w, https:\/\/norajunepeebles.com\/wp-content\/uploads\/2024\/08\/20-600x503.png 600w\" sizes=\"auto, (max-width: 940px) 100vw, 940px\" \/><\/figure>\n<\/div>\n<\/div><\/div>\n\n\n\n<h2 class=\"wp-block-heading\">GLI ALTRI ROMANZI DELLA SERIE<\/h2>\n\n\n\n<h3 class=\"wp-block-heading\">CONTEMPORARY, STEM &amp; SPORT ROMANCE<\/h3>\n\n\n\n<p>Hai letto <em>Solo quattro mesi<\/em> e vuoi conoscere le storie degli altri personaggi? Trovi <a href=\"https:\/\/norajunepeebles.com\/?page_id=265\">qui<\/a> gli altri romanzi della serie PLAN B.<\/p>\n\n\n\n<p>Immergiti in una serie indimenticabile in cui amore dirompente, passione e amicizia si mescolano in un connubio unico. La serie&nbsp;PLAN B&nbsp;combina gli amatissimi generi STEM e sport romance.<\/p>\n\n\n\n<p>Tutti i romanzi della serie sono FM, con l\u2019unica eccezione di&nbsp;<em>Le regole del gioco<\/em>, in cui trovi una coppia MM e bi rep.<\/p>\n\n\n\n<div class=\"wp-block-buttons is-layout-flex wp-block-buttons-is-layout-flex\">\n<div class=\"wp-block-button\"><a class=\"wp-block-button__link wp-element-button\" href=\"https:\/\/norajunepeebles.com\/?page_id=265\">Scopri tutti i romanzi della serie PLAN B<\/a><\/div>\n<\/div>\n","protected":false},"excerpt":{"rendered":"<p>PROTAGONISTI E TROPE PRINCIPALI Archeologa \/ Medico di pronto soccorsoTROPES: Small town, sworn off relationships, chosen family, emotional scars, insta-attraction, Scozia DOPPIO POV DESCRIZIONE L\u2019amore non fa per lui.&nbsp;Quello in cui Graham riesce bene sono i rapporti fisici. Consenzienti. Maturi. Della durata di una notte. Almeno fino all\u2019incontro con Margherita Ricci, l\u2019archeologa arrivata a dirigere&#8230;<\/p>\n","protected":false},"author":1,"featured_media":0,"parent":0,"menu_order":0,"comment_status":"closed","ping_status":"closed","template":"","meta":{"_themeisle_gutenberg_block_has_review":false,"_kadence_starter_templates_imported_post":false,"_kad_post_transparent":"","_kad_post_title":"","_kad_post_layout":"","_kad_post_sidebar_id":"","_kad_post_content_style":"","_kad_post_vertical_padding":"","_kad_post_feature":"","_kad_post_feature_position":"","_kad_post_header":false,"_kad_post_footer":false,"footnotes":""},"class_list":["post-470","page","type-page","status-publish","hentry"],"yoast_head":"<!-- This site is optimized with the Yoast SEO plugin v22.8 - https:\/\/yoast.com\/wordpress\/plugins\/seo\/ -->\n<title>SOLO QUATTRO MESI - NORA JUNE PEEBLES - ROMANCE AUTHOR<\/title>\n<meta name=\"description\" content=\"SOLO QUATTRO MESI \u00e8 una novella ambientata in Scozia, in cui STEM e medical romance si intrecciano in una storia d&#039;amore dirompente.\" \/>\n<meta name=\"robots\" content=\"index, follow, max-snippet:-1, max-image-preview:large, max-video-preview:-1\" \/>\n<link rel=\"canonical\" href=\"https:\/\/norajunepeebles.com\/?page_id=470\" \/>\n<meta property=\"og:locale\" content=\"en_US\" \/>\n<meta property=\"og:type\" content=\"article\" \/>\n<meta property=\"og:title\" content=\"SOLO QUATTRO MESI - NORA JUNE PEEBLES - ROMANCE AUTHOR\" \/>\n<meta property=\"og:description\" content=\"SOLO QUATTRO MESI \u00e8 una novella ambientata in Scozia, in cui STEM e medical romance si intrecciano in una storia d&#039;amore dirompente.\" \/>\n<meta property=\"og:url\" content=\"https:\/\/norajunepeebles.com\/?page_id=470\" \/>\n<meta property=\"og:site_name\" content=\"NORA JUNE PEEBLES - ROMANCE AUTHOR\" \/>\n<meta property=\"article:modified_time\" content=\"2024-08-14T09:40:55+00:00\" \/>\n<meta property=\"og:image\" content=\"https:\/\/norajunepeebles.com\/wp-content\/uploads\/2024\/08\/Blush-Wave-LinkedIn-Banner-13-1024x307.png\" \/>\n<meta name=\"twitter:card\" content=\"summary_large_image\" \/>\n<meta name=\"twitter:label1\" content=\"Est. reading time\" \/>\n\t<meta name=\"twitter:data1\" content=\"3 minutes\" \/>\n<script type=\"application\/ld+json\" class=\"yoast-schema-graph\">{\"@context\":\"https:\/\/schema.org\",\"@graph\":[{\"@type\":\"WebPage\",\"@id\":\"https:\/\/norajunepeebles.com\/?page_id=470\",\"url\":\"https:\/\/norajunepeebles.com\/?page_id=470\",\"name\":\"SOLO QUATTRO MESI - NORA JUNE PEEBLES - ROMANCE AUTHOR\",\"isPartOf\":{\"@id\":\"https:\/\/norajunepeebles.com\/#website\"},\"primaryImageOfPage\":{\"@id\":\"https:\/\/norajunepeebles.com\/?page_id=470#primaryimage\"},\"image\":{\"@id\":\"https:\/\/norajunepeebles.com\/?page_id=470#primaryimage\"},\"thumbnailUrl\":\"https:\/\/norajunepeebles.com\/wp-content\/uploads\/2024\/08\/Blush-Wave-LinkedIn-Banner-13-1024x307.png\",\"datePublished\":\"2024-08-13T09:55:31+00:00\",\"dateModified\":\"2024-08-14T09:40:55+00:00\",\"description\":\"SOLO QUATTRO MESI \u00e8 una novella ambientata in Scozia, in cui STEM e medical romance si intrecciano in una storia d'amore dirompente.\",\"breadcrumb\":{\"@id\":\"https:\/\/norajunepeebles.com\/?page_id=470#breadcrumb\"},\"inLanguage\":\"en-US\",\"potentialAction\":[{\"@type\":\"ReadAction\",\"target\":[\"https:\/\/norajunepeebles.com\/?page_id=470\"]}]},{\"@type\":\"ImageObject\",\"inLanguage\":\"en-US\",\"@id\":\"https:\/\/norajunepeebles.com\/?page_id=470#primaryimage\",\"url\":\"https:\/\/norajunepeebles.com\/wp-content\/uploads\/2024\/08\/Blush-Wave-LinkedIn-Banner-13.png\",\"contentUrl\":\"https:\/\/norajunepeebles.com\/wp-content\/uploads\/2024\/08\/Blush-Wave-LinkedIn-Banner-13.png\",\"width\":2000,\"height\":600},{\"@type\":\"BreadcrumbList\",\"@id\":\"https:\/\/norajunepeebles.com\/?page_id=470#breadcrumb\",\"itemListElement\":[{\"@type\":\"ListItem\",\"position\":1,\"name\":\"Home\",\"item\":\"https:\/\/norajunepeebles.com\/\"},{\"@type\":\"ListItem\",\"position\":2,\"name\":\"SOLO QUATTRO MESI\"}]},{\"@type\":\"WebSite\",\"@id\":\"https:\/\/norajunepeebles.com\/#website\",\"url\":\"https:\/\/norajunepeebles.com\/\",\"name\":\"NORA JUNE PEEBLES - ROMANCE AUTHOR\",\"description\":\"LOVE, HUMOUR AND A HAPPILY EVER AFTER\",\"publisher\":{\"@id\":\"https:\/\/norajunepeebles.com\/#organization\"},\"potentialAction\":[{\"@type\":\"SearchAction\",\"target\":{\"@type\":\"EntryPoint\",\"urlTemplate\":\"https:\/\/norajunepeebles.com\/?s={search_term_string}\"},\"query-input\":\"required name=search_term_string\"}],\"inLanguage\":\"en-US\"},{\"@type\":\"Organization\",\"@id\":\"https:\/\/norajunepeebles.com\/#organization\",\"name\":\"NORA JUNE PEEBLES - ROMANCE AUTHOR\",\"url\":\"https:\/\/norajunepeebles.com\/\",\"logo\":{\"@type\":\"ImageObject\",\"inLanguage\":\"en-US\",\"@id\":\"https:\/\/norajunepeebles.com\/#\/schema\/logo\/image\/\",\"url\":\"https:\/\/norajunepeebles.com\/wp-content\/uploads\/2024\/06\/cropped-Love-humour-and-a-happily-ever-after-4.png\",\"contentUrl\":\"https:\/\/norajunepeebles.com\/wp-content\/uploads\/2024\/06\/cropped-Love-humour-and-a-happily-ever-after-4.png\",\"width\":500,\"height\":363,\"caption\":\"NORA JUNE PEEBLES - ROMANCE AUTHOR\"},\"image\":{\"@id\":\"https:\/\/norajunepeebles.com\/#\/schema\/logo\/image\/\"}}]}<\/script>\n<!-- \/ Yoast SEO plugin. -->","yoast_head_json":{"title":"SOLO QUATTRO MESI - NORA JUNE PEEBLES - ROMANCE AUTHOR","description":"SOLO QUATTRO MESI \u00e8 una novella ambientata in Scozia, in cui STEM e medical romance si intrecciano in una storia d'amore dirompente.","robots":{"index":"index","follow":"follow","max-snippet":"max-snippet:-1","max-image-preview":"max-image-preview:large","max-video-preview":"max-video-preview:-1"},"canonical":"https:\/\/norajunepeebles.com\/?page_id=470","og_locale":"en_US","og_type":"article","og_title":"SOLO QUATTRO MESI - NORA JUNE PEEBLES - ROMANCE AUTHOR","og_description":"SOLO QUATTRO MESI \u00e8 una novella ambientata in Scozia, in cui STEM e medical romance si intrecciano in una storia d'amore dirompente.","og_url":"https:\/\/norajunepeebles.com\/?page_id=470","og_site_name":"NORA JUNE PEEBLES - ROMANCE AUTHOR","article_modified_time":"2024-08-14T09:40:55+00:00","og_image":[{"url":"https:\/\/norajunepeebles.com\/wp-content\/uploads\/2024\/08\/Blush-Wave-LinkedIn-Banner-13-1024x307.png"}],"twitter_card":"summary_large_image","twitter_misc":{"Est. reading time":"3 minutes"},"schema":{"@context":"https:\/\/schema.org","@graph":[{"@type":"WebPage","@id":"https:\/\/norajunepeebles.com\/?page_id=470","url":"https:\/\/norajunepeebles.com\/?page_id=470","name":"SOLO QUATTRO MESI - NORA JUNE PEEBLES - ROMANCE AUTHOR","isPartOf":{"@id":"https:\/\/norajunepeebles.com\/#website"},"primaryImageOfPage":{"@id":"https:\/\/norajunepeebles.com\/?page_id=470#primaryimage"},"image":{"@id":"https:\/\/norajunepeebles.com\/?page_id=470#primaryimage"},"thumbnailUrl":"https:\/\/norajunepeebles.com\/wp-content\/uploads\/2024\/08\/Blush-Wave-LinkedIn-Banner-13-1024x307.png","datePublished":"2024-08-13T09:55:31+00:00","dateModified":"2024-08-14T09:40:55+00:00","description":"SOLO QUATTRO MESI \u00e8 una novella ambientata in Scozia, in cui STEM e medical romance si intrecciano in una storia d'amore dirompente.","breadcrumb":{"@id":"https:\/\/norajunepeebles.com\/?page_id=470#breadcrumb"},"inLanguage":"en-US","potentialAction":[{"@type":"ReadAction","target":["https:\/\/norajunepeebles.com\/?page_id=470"]}]},{"@type":"ImageObject","inLanguage":"en-US","@id":"https:\/\/norajunepeebles.com\/?page_id=470#primaryimage","url":"https:\/\/norajunepeebles.com\/wp-content\/uploads\/2024\/08\/Blush-Wave-LinkedIn-Banner-13.png","contentUrl":"https:\/\/norajunepeebles.com\/wp-content\/uploads\/2024\/08\/Blush-Wave-LinkedIn-Banner-13.png","width":2000,"height":600},{"@type":"BreadcrumbList","@id":"https:\/\/norajunepeebles.com\/?page_id=470#breadcrumb","itemListElement":[{"@type":"ListItem","position":1,"name":"Home","item":"https:\/\/norajunepeebles.com\/"},{"@type":"ListItem","position":2,"name":"SOLO QUATTRO MESI"}]},{"@type":"WebSite","@id":"https:\/\/norajunepeebles.com\/#website","url":"https:\/\/norajunepeebles.com\/","name":"NORA JUNE PEEBLES - ROMANCE AUTHOR","description":"LOVE, HUMOUR AND A HAPPILY EVER AFTER","publisher":{"@id":"https:\/\/norajunepeebles.com\/#organization"},"potentialAction":[{"@type":"SearchAction","target":{"@type":"EntryPoint","urlTemplate":"https:\/\/norajunepeebles.com\/?s={search_term_string}"},"query-input":"required name=search_term_string"}],"inLanguage":"en-US"},{"@type":"Organization","@id":"https:\/\/norajunepeebles.com\/#organization","name":"NORA JUNE PEEBLES - ROMANCE AUTHOR","url":"https:\/\/norajunepeebles.com\/","logo":{"@type":"ImageObject","inLanguage":"en-US","@id":"https:\/\/norajunepeebles.com\/#\/schema\/logo\/image\/","url":"https:\/\/norajunepeebles.com\/wp-content\/uploads\/2024\/06\/cropped-Love-humour-and-a-happily-ever-after-4.png","contentUrl":"https:\/\/norajunepeebles.com\/wp-content\/uploads\/2024\/06\/cropped-Love-humour-and-a-happily-ever-after-4.png","width":500,"height":363,"caption":"NORA JUNE PEEBLES - ROMANCE AUTHOR"},"image":{"@id":"https:\/\/norajunepeebles.com\/#\/schema\/logo\/image\/"}}]}},"_links":{"self":[{"href":"https:\/\/norajunepeebles.com\/index.php?rest_route=\/wp\/v2\/pages\/470","targetHints":{"allow":["GET"]}}],"collection":[{"href":"https:\/\/norajunepeebles.com\/index.php?rest_route=\/wp\/v2\/pages"}],"about":[{"href":"https:\/\/norajunepeebles.com\/index.php?rest_route=\/wp\/v2\/types\/page"}],"author":[{"embeddable":true,"href":"https:\/\/norajunepeebles.com\/index.php?rest_route=\/wp\/v2\/users\/1"}],"replies":[{"embeddable":true,"href":"https:\/\/norajunepeebles.com\/index.php?rest_route=%2Fwp%2Fv2%2Fcomments&post=470"}],"version-history":[{"count":3,"href":"https:\/\/norajunepeebles.com\/index.php?rest_route=\/wp\/v2\/pages\/470\/revisions"}],"predecessor-version":[{"id":518,"href":"https:\/\/norajunepeebles.com\/index.php?rest_route=\/wp\/v2\/pages\/470\/revisions\/518"}],"wp:attachment":[{"href":"https:\/\/norajunepeebles.com\/index.php?rest_route=%2Fwp%2Fv2%2Fmedia&parent=470"}],"curies":[{"name":"wp","href":"https:\/\/api.w.org\/{rel}","templated":true}]}}